(6)?
7
Suppose 0 = -3*o + 2*o + 261. Let u = 164 - o. Let z = u - -143. What is the units digit of z?
6
Let i = -27 - -27. Suppose i = y - 0*y - 12. What is the units digit of (-10 + 4)*(-76)/y?
8
What is the tens digit of 47/(5 - (-36)/(-8))?
9
Let t(u) = -3*u - 12. Let f be t(-16). Let d = -23 + f. What is the units digit of d?
3
Suppose -c + 5*t - 63 = 0, 2*c - 3*c = 2*t + 42. Let s(o) = 13*o - 23. Let k be s(-6). Let m = c - k. What is the tens digit of m?
5
Suppose 26 = -2*l - 16. What is the units digit of (413/l)/((10/6)/(-5))?
9
Let s = -90 + 90. Suppose s = -2*f + 1 + 203. What is the tens digit of f?
0
Suppose -4*k = -p + 20, -5*p + 2*k + 4 = -24. Let y be 4/(-10) - 14008/5. What is the tens digit of y/(-90) - p/30?
3
Let p = 3879 - 640. What is the thousands digit of p?
3
Suppose 107*h = 6*h + 41309. What is the tens digit of h?
0
Let z(r) = -r**3 + 6*r**2 - 3*r + 13. Let i be z(6). Let v be 2622/30 - (-2)/i. Suppose w - 5*j = 33 + 4, -2*w + v = 3*j. What is the tens digit of w?
4
Let t(h) = -h**2 + 18*h + 2. Let r be t(18). Let y be (22/4)/(r/(-4)). Let l = y - -43. What is the units digit of l?
2
What is the units digit of ((-6645)/23 + 2/(-23))/(-1)?
9
Let h(v) = 4*v**2 - 10*v + 2. Suppose 24 = 11*m - 7*m. What is the tens digit of h(m)?
8
Let z = -111 + 104. What is the tens digit of -1 - 3 - (-23 - z)?
1
Let n = 105 + -47. Let g be n*(-3 - (3 - 8)). Suppose -4*t + g - 28 = 0. What is the tens digit of t?
2
Suppose m + 4*f - 27 = -0*f, f - 59 = -5*m. Let x = m + 7. What is the units digit of x?
8
Suppose -4*j + 93 = -191. What is the units digit of j?
1
Let r be 58/(1/(-2)*1). What is the tens digit of 3/(6/r*-1)?
5
Suppose -k - 4 = 3*w, -7*k + 2 = -5*k - 4*w. What is the units digit of (13/(-13))/(k/27)?
7
Suppose 3079 = 6*c - 8111. What is the tens digit of c/9 + (-12)/(-270)*-5?
0
Let t(p) = p + 14. Let l be t(-9). Let o be ((-8)/l)/((-5)/175). What is the tens digit of (o/(-6))/(4/(-12))?
2
Let f be 16/(-14) + (-17)/(-119). What is the units digit of (9/(-12))/(f/44)?
3
Let g = 82 - 80. What is the units digit of 10/25 + g/(10/223)?
5
Suppose -19*j + 11*j = -224. What is the tens digit of j?
2
Let w = 366 - 90. Suppose -2*n - 4*x = -4*n + 120, -2*x + w = 5*n. What is the tens digit of n?
5
What is the units digit of -3 - (-2 + 4) - -102?
7
Let o(s) = -22*s - 1. Let m be o(-26). Let k = m + -346. What is the tens digit of k?
2
Let p(u) = 195*u + 166. What is the units digit of p(21)?
1
Suppose -3*v + 4332 = 3*v. What is the units digit of v?
2
Let i = 51 + -46. Let n be (2 + 2 + -6)*-79. Suppose -3*s = -3*d + 120, -n = -i*d + d + 3*s. What is the tens digit of d?
3
Suppose -j = 4*f - 236, -3*j - 433 = -5*j + 5*f. What is the units digit of j?
4
What is the hundreds digit of 1071 - (1*(5 + -2) + 3)?
0
Let b(f) = -f + 5. Let h be b(5). Suppose h = y + y - 6. Suppose 0 = -y*v - 3*c + 3, -4*v + 0*c + 19 = -c. What is the units digit of v?
4
Let f = 24 + -9. Suppose -5*l - f = 15. Let c(o) = -3*o - 4. What is the units digit of c(l)?
4
Suppose g + 59708 = 45*g. What is the tens digit of g?
5
Let g = -663 + 1196. Let o = g + -345. What is the units digit of o?
8
Let b(i) = -27*i**3 + 2*i**2 + 4*i + 32. What is the thousands digit of b(-4)?
1
Let b(h) = -18*h + 6. Let a(w) = 19*w - 6. Let i(t) = 7*a(t) + 6*b(t). Let m(z) = 2*z**2 - 8*z - 21. Let o be m(6). What is the units digit of i(o)?
9
What is the units digit of 912/(-90) + 10 + (-46568)/(-60)?
6
Suppose 2*v - 5302 = -c, -61*c + 63*c - 2*v = 10604. What is the units digit of c?
2
Suppose 6*l = 2*l + 20. Suppose 0 = 3*w + l*m - 668, 220 = -0*w + w - m. What is the tens digit of w?
2
Let w(s) = -6*s - 6. Let g(c) = c + 1. Let o(m) = -24*g(m) - 3*w(m). What is the units digit of o(-9)?
8
Let z(o) = -o**3 + 8*o**2 - 7*o - 5. Let m(u) = -2*u**2 + 9*u + 11. Let f be 2 - ((-4)/(-1) + -7). Let a be m(f). What is the units digit of z(a)?
5
Suppose 2*q = 5*g + 110, 3*q - 5*g - 125 = 50. Let x = q - 5. What is the tens digit of x?
6
Let b(z) = 2*z**2 + 8*z - 229. What is the hundreds digit of b(-22)?
5
Let n be ((-2)/6)/(1/(-9)). Suppose -48 = w - n*w. Suppose -w = 5*l - 184. What is the tens digit of l?
3
Let h(z) = -z**2 - z. Let p(y) = 5*y**2 + 11*y - 30. Let l(t) = -6*h(t) - p(t). What is the tens digit of l(7)?
4
Let o(s) be the third derivative of s**4/2 + 7*s**3/6 - 23*s**2. What is the tens digit of o(3)?
4
Suppose 3*u - 7 = k, 5*k - 8*k - u = -19. Suppose 3*d = -l + 172, 5*l + 31 = k*d - 249. What is the units digit of d?
7
Let s = 10 - 8. Suppose 2*r - 4*r + s = 0. Let k = r - -7. What is the units digit of k?
8
Suppose 0 = 3*p - 6, 4*c + 2*p = 3*c + 57. Let k = c - 8. What is the units digit of k?
5
Suppose 3*m - 4763 = -5*w, 12*w - 4760 = -3*m + 10*w. What is the thousands digit of m?
1
Let g(u) = 9*u**2 - 7*u + 1. What is the hundreds digit of g(7)?
3
Let o(n) = 7*n - 7. Let w = -109 - -112. What is the units digit of o(w)?
4
Suppose 2214 + 576 = 9*r. What is the hundreds digit of r?
3
Suppose -3890 = 31*k - 36*k. What is the units digit of k?
8
Let q = -7 + 5. Let v = 3 - -1. Let j = v + q. What is the units digit of j?
2
Suppose -z + 27 = -23. What is the tens digit of z?
5
Let j be (-20)/(-11) - (48/(-22) - -2). Suppose j*i + 3*m - 115 = 0, 2*i + 0*i - 120 = -4*m. What is the tens digit of i?
5
Let p(l) = -l + 8. Let k be 2/4*(-21 + -5). Let q = 6 + k. What is the units digit of p(q)?
5
Let c(h) = -220*h + 267. What is the hundreds digit of c(-13)?
1
Let j(l) = l + 6. Let w be j(-6). Suppose w*g - 41 = 5*d + g, 4*d + 5*g + 16 = 0. Let u(z) = -4*z - 19. What is the tens digit of u(d)?
1
Let b(w) = 135*w - 10. Let y be b(2). Let d = -96 + y. What is the hundreds digit of d?
1
Suppose 10 = -y + 2*y + 2*c, -16 = -y - 4*c. Suppose -2*v + 315 = i, -y*i = 2*v - 0*i - 330. What is the hundreds digit of v?
1
What is the hundreds digit of (1/2*2)/(41/12341)?
3
Let q(m) = -m + 9. Let n be q(-9). Let r = -22 + n. What is the tens digit of 90/r*16/(-20)?
1
Suppose 0 = 10*v + 6724 - 26704. What is the units digit of v?
8
Let t = -10 + 27. Let f = 21 - t. What is the units digit of f?
4
Let m = -169 - -327. Let b = -82 + m. What is the units digit of b?
6
Let f be 4/18 + 102/27. Suppose 0 = -f*s + 9 + 7. What is the units digit of s/(-18) + (-76)/(-18)?
4
Let r(c) = -44*c - 643. What is the thousands digit of r(-39)?
1
Suppose -5*f - 4*g = -8*g - 668, -g + 394 = 3*f. Let k = f + -40. What is the units digit of k?
2
Let f(q) = 2*q + 3. Let y be f(-3). Let a be -32*(-2)/(-3)*y. Suppose 0 = -3*g + 7*g - c - 59, 4*c = -4*g + a. What is the tens digit of g?
1
Let z be 2 - (1 + -4 - -33). Let a = 23 - z. What is the tens digit of a?
5
Let g(s) = s**3 + 1. Let n be g(0). Let d be 6/2 - (n + 0). What is the units digit of d*31/(-4)*-2?
1
Suppose 4 = 2*m, -n - 48 = -5*m + 4. Let u = 169 + n. What is the units digit of u?
7
Suppose 7*n - 5*u = 5*n - 14, 3*n = -5*u - 46. What is the units digit of (-61 - -1)/(4/n)?
0
Let x(t) = 10 - 5*t - 5 + 17*t + t**2. Let o be x(-13). Suppose -102 = -5*w + o. What is the units digit of w?
4
Let y = 1450 - -1438. What is the thousands digit of y?
2
Suppose -5*y = -3*x - 65, x + 3 = 8. Let m be (-54)/8 - 4/y. What is the units digit of m*3/(-6)*8?
8
Let d(o) = -5 - 4*o**2 - 2*o - 3*o**2 + 12*o**2. What is the tens digit of d(3)?
3
Suppose -5*m = j - 1541, 5*j - 5*m + 10*m = 7785. What is the thousands digit of j?
1
What is the hundreds digit of (-2508)/(-1 - 3) + 9?
6
Suppose 3*w + 0*w = 5*o + 24, 3*w + 3*o - 24 = 0. Suppose -51 + 443 = w*z. What is the units digit of z?
9
Suppose -5*p - k + 899 - 177 = 0, 0 = -2*p + k + 293. What is the tens digit of p?
4
Suppose 13 + 13 = -2*f. Let s(u) = 3*u**2 - 9*u + 8. Let c(m) = 2*m**2 - 9*m + 7. Let x(h) = -4*c(h) + 3*s(h). What is the tens digit of x(f)?
4
Let g = -34 + 49. Let z = g + 1. What is the tens digit of z?
1
Let w(n) = n**3 - 18*n**2 - 3*n + 5. Let s be w(18). What is the tens digit of s/(-4) - (-2)/8*3?
1
Let j = 1130 + 593. What is the tens digit of j?
2
Let t be ((-1)/(-2))/((-5)/(-10)). Suppose 2*k - 5 = -t. Suppose -2*i = -k*f + 3*f - 27, f + 64 = 5*i. What is the units digit of i?
3
Suppose -537 = -4*c - 3*z, 0 = -0*z + 3*z - 9. What is the hundreds digit of c?
1
Let c = -82 + 86. Suppose 7*o - c*o 